c. Is s prime?
True
Let c = 1414 + -1041. Let m(j) = j**2 - 5*j - 2. Let i be m(6). Suppose -6*k + 3*k + c = i*g, -2*k = g - 252. Is k a composite number?
False
Suppose 3953*c = 3991*c - 845006. Is c prime?
False
Suppose 272*q - 28155 = -3*z + 270*q, 0 = 4*q - 12. Is z a composite number?
True
Let o(l) = 37*l**2 + 12*l**2 - 2*l + 370 - 373 + 8*l. Is o(-10) prime?
False
Let o = 30 + -28. Suppose -2*u - 1486 = -o*p + 4*p, -4*p = 12. Let c = -369 - u. Is c prime?
False
Let f = -77 + 43. Let j = -28 - f. Is ((-2)/(8/j))/((-8)/6352) a composite number?
True
Let j be (50/(-30) - -2)/(2/(-37770)). Let k = 14710 - j. Is k a prime number?
False
Suppose 3*o - 16 = g, -3*o + 2*g + 17 = -0*g. Suppose o*h - 74865 = 4*d, 8*h = 5*h + 3*d + 44922. Is h composite?
False
Let g(k) be the first derivative of -7*k**3/3 - 11*k**2/2 - 30*k + 3. Let t be g(-4). Let s = t - -487. Is s prime?
True
Let b(q) be the first derivative of -5*q**2 - 7*q - 23. Let o be b(-6). Suppose 0 = -l - 5*n + 1497, -o = -l + 2*n + 1416. Is l a prime number?
False
Let c(t) = t**3 + t**2 + t - 1. Let u(z) = -12*z**3 - 2*z**2 + z + 4. Let i(s) = c(s) + u(s). Let a be i(-2). Suppose -a*l + 81*l = -170. Is l prime?
False
Suppose 0 = 4*l - 5*w - 2410, 3*l - 2*w = 2*w + 1807. Suppose 657 = 2*z - l. Is z composite?
False
Let k be (36/(-30))/(12/40). Let r(a) = 488*a**2 + 9*a + 47. Is r(k) prime?
False
Let l(i) = 153*i**2 + 17*i + 30. Let k be l(-10). Suppose -13*j + 24399 = -k. Is j a composite number?
True
Let u(c) be the third derivative of -23*c**6/10 + c**5/60 + c**4/8 + c**3/6 + 23*c**2. Let f be u(-1). Let a = 417 - f. Is a composite?
True
Suppose -24 = 4*k, -48090 = v + 3*k - 262709. Is v composite?
True
Suppose 44*t + 46905 = 41*t. Let s = 27924 + t. Is s a prime number?
True
Let f(m) = -m**3 - 7*m**2 + 6*m - 13. Let n be f(-8). Suppose 5*x + a - 2289 = 0, -n*x + 0*x + 4*a + 1355 = 0. Is x composite?
False
Let y(p) = p - 4. Let l be y(4). Let k be (-1 - l) + (-2 + 0 - -5). Suppose 4*w - 498 = -5*a, 0 = 7*a - k*a + 10. Is w composite?
False
Let n(s) = 25*s**3 + 9*s**2 - 30*s + 91. Is n(22) a composite number?
False
Let h(p) = 2*p**3 - 21*p**2 + 20*p - 2109. Is h(46) a composite number?
True
Suppose -2*s + 22 = -s. Let o = s + 846. Suppose 4*v = -4*m + o, -3*m + 430 = -m + 3*v. Is m a composite number?
True
Suppose -11*u + 4*p - 1294297 = -14*u, 5*u - 8*p - 2157191 = 0. Is u a prime number?
False
Let z(v) = -2*v**3 - 3*v**2 + v + 2. Let f be z(-2). Suppose f*y + 3*y = -0*y. Suppose -8792 = -4*i - 0*i + 3*b, -5*i + 5*b + 10995 = y. Is i a prime number?
False
Let t(v) = -372 - 449 - 63*v + 1141. Is t(-7) prime?
True
Let l = 4255 + -1732. Suppose 2*w - 1399 - l = 0. Is w prime?
False
Let n(d) = -9*d + 5. Let i be n(-1). Let f(h) = 26*h**2 - 7*h + 131. Is f(i) composite?
True
Let s(i) = 17 + 0 + 35*i - 21*i - 2*i**2. Let o be s(7). Let c(y) = 153*y + 8. Is c(o) a composite number?
False
Let f be (1551/(-9) - 0)/(17/(-612)). Suppose f = 15*u - 25686. Is u a composite number?
True
Let f(h) = h**3 - 3*h**2 - 5*h - 10. Let n be f(5). Suppose 9362 + 3703 = n*v. Is v a composite number?
True
Let b(r) = -221*r + 16. Let o(x) = -4*x - 32. Let s be o(-8). Suppose s = -k - 6 + 1. Is b(k) prime?
False
Suppose -2*u = 3*u. Suppose -c - 3*f = -2, 3*c - 3*f + 6 = -u*c. Is (c + 2)/((-5)/(-30325) - 0) composite?
True
Let l(d) = 141*d**2 - 15*d + 8. Let a be l(-9). Suppose -3*o + 4*i = o - a, -o - 2*i = -2897. Is o a prime number?
False
Suppose 0 = 5*u - 2*u - 1431. Let b = u + -30. Let g = -236 + b. Is g a composite number?
False
Suppose -4*r + 22248 = -0*r + g, 3*g = -4*r + 22240. Is r prime?
True
Let q = -122398 - -278219. Is q a composite number?
False
Let q(b) = 218*b - 105. Let z be q(-26). Let t(s) = 136*s**2 - 5*s + 12. Let f be t(8). Let y = f + z. Is y composite?
False
Is -5*(8 - 95321/5) a prime number?
False
Let h = -3 - -1. Let n be -4 - (h - 0) - -9. Suppose -2*g + 5*p = -1411, -2*g - 3580 = -n*g - 5*p. Is g a composite number?
True
Let m(f) be the second derivative of 7*f**5/20 + f**3/6 - 5*f**2/2 - 2*f. Suppose -z - 4 = 0, 5*z + 28 = -0*w + 2*w. Is m(w) a composite number?
True
Let h = -342 + 591. Suppose h*k - 1749 = 246*k. Is k a prime number?
False
Suppose -3*h + 7 = -5*k, -14*h - 4*k = -12*h - 12. Suppose 30*r - 400418 = -h*r. Is r a prime number?
True
Let s = -2465 - -203658. Is s a prime number?
True
Suppose 3*i = -284 - 664. Let z be 11/(3*1/(-54)). Let a = z - i. Is a prime?
False
Let x(y) = 7*y**3 - 3*y**2 + 2*y. Let u be x(1). Suppose -u + 0 = 2*k. Is k/5 + 4876/10 composite?
False
Let j(r) be the third derivative of 161*r**4/6 - 55*r**3/6 - 43*r**2. Is j(6) a prime number?
False
Suppose -v - 15449 = -10918 - 80568. Is v prime?
False
Suppose -5*h + 4*h + 5*d = -1482, 4484 = 3*h + 4*d. Suppose 7*a + 407 = h. Is a a prime number?
False
Is -20 - -12 - (6 + -7 - 20844) a prime number?
False
Let c be ((0/4)/2)/(-1 - 2). Suppose 3*o - 1586 = -5*j - o, c = -4*o - 4. Is j + (2 - (1 - 0)) composite?
True
Suppose -2*w = 8, 4*f - 22*w + 24*w - 42348 = 0. Let i = f - 3976. Is i composite?
True
Let w(j) = 10 + 24*j**2 + 12*j + 15*j**2 - 10*j**2. Let c be w(-9). Suppose 2*u + 409 = c. Is u prime?
False
Suppose 8047 = 8*n - 79489. Is (n/(-4))/((-24)/144) a prime number?
False
Let s(x) = -7*x**2 - 12*x - 36. Let k(a) = -6*a**2 - 14*a - 37. Let q(w) = 4*k(w) - 5*s(w). Is q(-9) composite?
False
Let r(w) = w**3 + 29*w**2 + 3*w + 103. Let m be r(-29). Let k(s) = 60*s - 221. Is k(m) a prime number?
True
Suppose 0 = -11*v + 15*v + 16. Let y be 1 - (4 + v) - -1. Suppose -5*b = 3*l - 1592, 4*l + 0*l + 642 = y*b. Is b prime?
False
Let l be 3/(-3)*(5 - 7). Suppose l*h = 3*i - 9, -2*i - 10 + 16 = -3*h. Suppose 4548 = 3*v + i*j, -5*v - 2*j = -0*j - 7565. Is v a composite number?
False
Let o(a) = 22*a**2 - 52*a + 857. Is o(-49) prime?
False
Suppose -67 = -5*j - 4*m + 4968, 2*m - 5045 = -5*j. Let u = j - 716. Suppose y + x = 102, 3*y + 4*x - u - 16 = 0. Is y a prime number?
True
Suppose 240*q - 237*q = j + 4602551, 7670905 = 5*q + 5*j. Is q a prime number?
False
Let s(o) = o + 10. Let f be s(-2). Let d(h) = 25*h**3 - 9*h**2 - 11*h + 7. Is d(f) a prime number?
True
Let h = 102006 + -35845. Is h composite?
False
Suppose -h + 12717 = 5*j, -41*h + 45*h = -4*j + 50788. Let b = -9033 + h. Is b composite?
False
Suppose 6 = 42*v - 41*v. Let f be ((-16)/v)/(70/15 - 5). Suppose -f*a = -5*a - 327. Is a a prime number?
True
Is (-10)/(-25) - 21423003/(-105) prime?
False
Let o(f) = f**2 - 98*f - 2344. Is o(-87) a prime number?
True
Suppose -6*l + 2*l + 72 = 0. Let o be l/(-117) - (-3)/(78/17216). Suppose -5*g - o = -7*g. Is g a prime number?
True
Let y(x) be the first derivative of x**4/6 + x**3/3 - 9*x**2/2 - 12*x + 15. Let c(b) be the first derivative of y(b). Is c(13) a prime number?
False
Suppose -4*c - 159 = -127. Is -1 + -1 - 64488/c a prime number?
True
Let o = 2503 - 1320. Let q(i) = -98*i**2 - 3*i + 2. Let c be q(2). Let m = o + c. Is m prime?
True
Suppose -2*h = -10, l + 2 = 2*h + 5. Suppose -2 - l = q. Is 7692/(-36)*q/1 composite?
True
Let v = -38 - -35. Let c be (4 + 2 + v)/1. Is -1*(-3)/(c/1009) a prime number?
True
Suppose -5*f = -2*q - 6381671, 4*f - 1298047 - 3807294 = q. Is f prime?
False
Let n = 1135 + -2050. Let l = 4109 + n. Is l a prime number?
False
Let u(o) = 105*o**2 - 47*o**2 - 45*o**2 - 11 + 35*o. Is u(14) prime?
False
Suppose 0 = -21*l - 4*l + 50. Is (4/l)/((-20)/(-26090)) a composite number?
False
Suppose -3*t = -2*d + 4, t + 1 = -d + 3. Suppose h - 7 + d = 0, 4*h = -x + 1519. Is x prime?
True
Suppose 0 = -3*b + 4*k + 356307, 95*b - 4*k = 98*b - 356283. Is b composite?
True
Let t = 2968 + -1814. Let i = t + 919. Is i composite?
True
Let r(p) = -616*p + 199. Is r(-19) composite?
False
Let s(q) = -8 - 6 + 18*q - 6 - 6*q**2. Let l(o) = -o + 1. Let m(v) = -5*l(v) - s(v). Is m(8) prime?
False
Let g(q) = -34682*q - 15. Is g(-1) prime?
True
Let u = 88201 - 25708. Suppose -3*o + u = k, -4*o - 50*k = -51*k - 83324. Is o a prime number?
False
Let r = 163304 - 101523. Is r composite?
False
Let t = -22 + 12. Let i be 3933 + (t/(-40) - (-26)/(-8)). Suppose -9*x + i = -3*x. Is x composite?
True
Suppose -25 = -16*g + 21*g, -2*g + 738435 = 5*y. Is y a prime number?
True
Suppose 0 = p - 9 + 2. Suppose 1724 = -p*t